ulate the remainder when 719401 is divided by 987.
865
What is the remainder when 732850 is divided by 4335?
235
Calculate the remainder when 8058 is divided by 4798.
3260
Calculate the remainder when 3000232 is divided by 500037.
10
Calculate the remainder when 29219680 is divided by 20946.
10
Calculate the remainder when 33759 is divided by 15745.
2269
What is the remainder when 9149207 is divided by 8?
7
What is the remainder when 119235 is divided by 16912?
851
Calculate the remainder when 2873159 is divided by 530.
29
Calculate the remainder when 2365757461 is divided by 56.
53
Calculate the remainder when 585592 is divided by 304.
88
Calculate the remainder when 2133216 is divided by 786.
12
What is the remainder when 2091328 is divided by 130701?
112
What is the remainder when 20960336 is divided by 79?
56
Calculate the remainder when 254702 is divided by 1582.
0
What is the remainder when 13712638 is divided by 425?
13
What is the remainder when 11944 is divided by 5668?
608
Calculate the remainder when 237402 is divided by 536.
490
What is the remainder when 598538 is divided by 66502?
20
Calculate the remainder when 567301 is divided by 567239.
62
What is the remainder when 18057905 is divided by 43?
12
What is the remainder when 32792007 is divided by 15?
12
Calculate the remainder when 76504782 is divided by 661.
642
What is the remainder when 19243993 is divided by 140467?
14
Calculate the remainder when 765775185 is divided by 3058.
3057
Calculate the remainder when 35838943 is divided by 5973155.
13
What is the remainder when 45409 is divided by 5032?
121
Calculate the remainder when 266851 is divided by 26643.
421
What is the remainder when 3043034 is divided by 395?
349
What is the remainder when 1976348 is divided by 112?
108
What is the remainder when 31704841 is divided by 47?
4
Calculate the remainder when 176110482 is divided by 97.
95
Calculate the remainder when 78773 is divided by 250.
23
What is the remainder when 124187 is divided by 78?
11
Calculate the remainder when 447587 is divided by 3197.
7
Calculate the remainder when 32622 is divided by 31305.
1317
Calculate the remainder when 113632 is divided by 6129.
3310
What is the remainder when 1269798 is divided by 283?
260
What is the remainder when 209007443 is divided by 12?
11
Calculate the remainder when 12133298 is divided by 159.
8
What is the remainder when 1010170 is divided by 88?
18
Calculate the remainder when 175744 is divided by 175702.
42
What is the remainder when 526048 is divided by 52604?
8
Calculate the remainder when 35911159 is divided by 1179.
1177
What is the remainder when 59354540 is divided by 122?
76
Calculate the remainder when 962466 is divided by 481228.
10
What is the remainder when 29101413 is divided by 29101401?
12
What is the remainder when 14696498 is divided by 34?
32
What is the remainder when 475398 is divided by 313?
264
Calculate the remainder when 97227742 is divided by 4861387.
2
What is the remainder when 29509 is divided by 147?
109
Calculate the remainder when 96693 is divided by 96188.
505
Calculate the remainder when 1842981 is divided by 94.
17
Calculate the remainder when 77700509 is divided by 8.
5
What is the remainder when 1126017 is divided by 682?
35
What is the remainder when 20989562 is divided by 21?
20
Calculate the remainder when 2116293 is divided by 4745.
23
What is the remainder when 164137 is divided by 115?
32
Calculate the remainder when 2835803 is divided by 376.
11
Calculate the remainder when 1608188 is divided by 6185.
88
What is the remainder when 11421740 is divided by 1665?
1505
Calculate the remainder when 358857 is divided by 2455.
427
Calculate the remainder when 13824957 is divided by 156.
81
Calculate the remainder when 152378289 is divided by 190.
189
Calculate the remainder when 669378 is divided by 2962.
2928
Calculate the remainder when 15773580 is divided by 7886773.
34
Calculate the remainder when 254050142 is divided by 10394.
10388
What is the remainder when 66667112 is divided by 484?
468
Calculate the remainder when 3301476 is divided by 220098.
6
Calculate the remainder when 21985598 is divided by 16.
14
Calculate the remainder when 467385 is divided by 233602.
181
What is the remainder when 6247586 is divided by 15?
11
Calculate the remainder when 390005 is divided by 630.
35
Calculate the remainder when 171033 is divided by 4001.
2991
Calculate the remainder when 2107395 is divided by 702437.
84
What is the remainder when 170945256 is divided by 19?
14
Calculate the remainder when 479832 is divided by 159939.
15
What is the remainder when 47267074 is divided by 1115?
1109
What is the remainder when 88888 is divided by 9861?
139
Calculate the remainder when 2695894 is divided by 3036.
2962
Calculate the remainder when 26255159 is divided by 40.
39
Calculate the remainder when 2523834 is divided by 34.
14
What is the remainder when 44623 is divided by 44137?
486
What is the remainder when 991732 is divided by 3443?
148
What is the remainder when 3586098 is divided by 6532?
30
Calculate the remainder when 2772758 is divided by 68.
58
Calculate the remainder when 14456023 is divided by 101091.
10
What is the remainder when 69176079 is divided by 20?
19
What is the remainder when 154362893 is divided by 34?
3
What is the remainder when 45198 is divided by 4122?
3978
What is the remainder when 467991644 is divided by 54?
50
Calculate the remainder when 212787 is divided by 8182.
55
Calculate the remainder when 91333441 is divided by 22833345.
61
Calculate the remainder when 1879251 is divided by 799.
3
Calculate the remainder when 47275657 is divided by 11818908.
25
What is the remainder when 7066910 is divided by 4935?
4925
What is the remainder when 1838638 is divided by 1013?
43
Calculate the remainder when 6092569 is divided by 3688.
3681
Calculate the remainder when 621133 is divided by 4253.
195
What is the remainder when 141031021 is divided by 10096?
10093
What is the remainder when 1605578 is divided by 1453?
13
What is the remainder when 11783453 is divided by 11783382?
71
What is the remainder when 34011586 is divided by 1612?
1610
What is the remainder when 8588925 is divided by 11798?
11779
What is the remainder when 9090603 is divided by 4545279?
45
Calculate the remainder when 134698 is divided by 3451.
109
Calculate the remainder when 416764 is divided by 6051.
5296
Calculate the remainder when 973351 is divided by 2797.
2792
Calculate the remainder when 32348 is divided by 2696.
2692
Calculate the remainder when 14612449 is divided by 859554.
31
What is the remainder when 4680438 is divided by 256?
246
Calculate the remainder when 3165037 is divided by 29.
6
What is the remainder when 168450 is divided by 42089?
94
Calculate the remainder when 13865178 is divided by 74.
20
What is the remainder when 8960549 is divided by 8960547?
2
What is the remainder when 1411927 is divided by 234855?
2797
What is the remainder when 3712507 is divided by 646?
591
Calculate the remainder when 1826366 is divided by 2502.
2408
Calculate the remainder when 266827 is divided by 76.
67
Calculate the remainder when 3192416 is divided by 691.
687
What is the remainder when 5054688 is divided by 722094?
30
What is the remainder when 4316347 is divided by 31277?
121
Calculate the remainder when 2337105 is divided by 1168462.
181
Calculate the remainder when 2738987 is divided by 94.
15
Calculate the remainder when 369235 is divided by 60927.
3673
Calculate the remainder when 37496206 is divided by 4687024.
14
What is the remainder when 31048 is divided by 2383?
69
Calculate the remainder when 1941554 is divided by 759.
32
Calculate the remainder when 14611740 is divided by 14.
10
Calculate the remainder when 1735533 is divided by 294.
51
Calculate the remainder when 5711835 is divided by 1427897.
247
What is the remainder when 115399060 is divided by 120?
100
Calculate the remainder when 76894409 is divided by 1991.
1989
Calculate the remainder when 1882818 is divided by 627519.
261
What is the remainder when 227999 is divided by 11961?
740
Calculate the remainder when 144663875 is divided by 147.
146
What is the remainder when 53339456 is divided by 272?
256
What is the remainder whe